{"id":6636,"date":"2023-09-25T07:16:52","date_gmt":"2023-09-25T07:16:52","guid":{"rendered":"https:\/\/themeperch.net\/eventiva\/?page_id=3"},"modified":"2024-02-29T15:14:56","modified_gmt":"2024-02-29T14:14:56","slug":"privacy-policy","status":"publish","type":"page","link":"https:\/\/traunsteincup.at\/?page_id=6636","title":{"rendered":"IMPRESSUM"},"content":{"rendered":"\n<h1 class=\"wp-block-heading\">ALEWA GmbH<\/h1>\n\n\n\n<p>Offenlegung gem\u00e4\u00df \u2022\u2022 24 und 25 MedienG und Angaben nach \u2022 5 ECG, UGB und GewO<\/p>\n\n\n\n<h3 class=\"wp-block-heading\">Medienunternehmer und Herausgeber<\/h3>\n\n\n\n<p>ALEWA GmbH<\/p>\n\n\n\n<p>Sitz in der politischen Gemeinde Vorchdorf<br>Kramerstra\u00dfe 12, 4655 Vorchdorf<br>Rechtsform: Gesellschaft mit beschr\u00e4nkter Haftung<\/p>\n\n\n\n<p>Tel:&nbsp;<a href=\"tel:0043720304066\">0043 (0) 720\/ 304 066<\/a><\/p>\n\n\n\n<p>E-Mail:\u00a0info@alewa.eu<br>Internet:\u00a0www.alewa.eu<\/p>\n\n\n\n<p>Firmenbuchnummer: FN 479904t<br>Firmenbuch Landesgericht Wels<br>ATU 72661568<\/p>\n\n\n\n<p>Gesch\u00e4ftsf\u00fchrer und unbeschr\u00e4nkt haftender Gesellschafter:<br>Mag. phil Alexander Wagner, Mag. phil. Ewa Wagner, MA<\/p>\n\n\n\n<h3 class=\"wp-block-heading\">Beh\u00f6rden und Vorschriften<\/h3>\n\n\n\n<p>Wirtschaftskammer Ober\u00f6sterreich<br>Gewerbebeh\u00f6rde: Bezirkshauptmannschaft Gmunden<\/p>\n\n\n\n<p>Anwendbare Rechtsvorschriften: Gewerbeordnung (www.ris.bka.gv.at)<br>Unternehmensgegenstand: Werbeagentur<\/p>\n\n\n\n<h3 class=\"wp-block-heading\">Rechtlicher Hinweis<\/h3>\n\n\n\n<p>Im Hinblick auf die technischen Eigenschaften des Internet kann keine Gew\u00e4hr f\u00fcr die Authentizit\u00e4t, Richtigkeit und Vollst\u00e4ndigkeit der im Internet zur Verf\u00fcgung gestellten Informationen \u00fcbernommen werden. Es wird auch keine Gew\u00e4hr f\u00fcr die Verf\u00fcgbarkeit oder den Betrieb der gegenst\u00e4ndlichen Webseite und ihrer Inhalte \u00fcbernommen.<\/p>\n\n\n\n<p>Jede Haftung f\u00fcr unmittelbare, mittelbare oder sonstige Sch\u00e4den, unabh\u00e4ngig von deren Ursachen, die aus der Benutzung oder Nichtverf\u00fcgbarkeit der Daten und Informationen dieser Homepage erwachsen, wird, soweit rechtlich zul\u00e4ssig, ausgeschlossen.<\/p>\n\n\n\n<p>Unser Angebot enth\u00e4lt Links zu externen Webseiten Dritter, auf deren Inhalte wir keinen Einfluss haben. Deshalb k\u00f6nnen wir f\u00fcr diese fremden Inhalte auch keine Gew\u00e4hr \u00fcbernehmen. F\u00fcr die Inhalte der verlinkten Seiten ist stets der jeweilige Anbieter oder Betreiber der Seiten verantwortlich. Die verlinkten Seiten wurden zum Zeitpunkt der Verlinkung auf m\u00f6gliche Rechtsverst\u00f6\u00dfe \u00fcberpr\u00fcft. Rechtswidrige Inhalte waren zum Zeitpunkt der Verlinkung nicht erkennbar.<\/p>\n\n\n\n<p>Der Inhalt dieser Webseite ist urheberrechtlich gesch\u00fctzt.<\/p>\n","protected":false},"excerpt":{"rendered":"<p>ALEWA GmbH Offenlegung gem\u00e4\u00df \u2022\u2022 24 und 25 MedienG und Angaben nach \u2022 5 ECG, UGB und GewO Medienunternehmer und Herausgeber ALEWA GmbH Sitz in der politischen Gemeinde VorchdorfKramerstra\u00dfe 12, 4655 VorchdorfRechtsform: Gesellschaft mit beschr\u00e4nkter Haftung Tel:&nbsp;0043 (0) 720\/ 304 066 E-Mail:\u00a0info@alewa.euInternet:\u00a0www.alewa.eu Firmenbuchnummer: FN 479904tFirmenbuch Landesgericht WelsATU 72661568 Gesch\u00e4ftsf\u00fchrer und unbeschr\u00e4nkt haftender Gesellschafter:Mag. phil Alexander [&hellip;]<\/p>\n","protected":false},"author":1,"featured_media":0,"parent":0,"menu_order":0,"comment_status":"closed","ping_status":"open","template":"","meta":{"footnotes":""},"class_list":["post-6636","page","type-page","status-publish","hentry","entry"],"_links":{"self":[{"href":"https:\/\/traunsteincup.at\/index.php?rest_route=\/wp\/v2\/pages\/6636","targetHints":{"allow":["GET"]}}],"collection":[{"href":"https:\/\/traunsteincup.at\/index.php?rest_route=\/wp\/v2\/pages"}],"about":[{"href":"https:\/\/traunsteincup.at\/index.php?rest_route=\/wp\/v2\/types\/page"}],"author":[{"embeddable":true,"href":"https:\/\/traunsteincup.at\/index.php?rest_route=\/wp\/v2\/users\/1"}],"replies":[{"embeddable":true,"href":"https:\/\/traunsteincup.at\/index.php?rest_route=%2Fwp%2Fv2%2Fcomments&post=6636"}],"version-history":[{"count":1,"href":"https:\/\/traunsteincup.at\/index.php?rest_route=\/wp\/v2\/pages\/6636\/revisions"}],"predecessor-version":[{"id":7808,"href":"https:\/\/traunsteincup.at\/index.php?rest_route=\/wp\/v2\/pages\/6636\/revisions\/7808"}],"wp:attachment":[{"href":"https:\/\/traunsteincup.at\/index.php?rest_route=%2Fwp%2Fv2%2Fmedia&parent=6636"}],"curies":[{"name":"wp","href":"https:\/\/api.w.org\/{rel}","templated":true}]}}